*h**2 + 194*h + 20. Calculate j(-6).
8
Let h(q) = -q**3 + 108*q**2 - 627*q + 1532. What is h(102)?
2
Let w(n) = 5*n**3 - n**2 + 58*n - 700. Determine w(7).
1372
Let a(s) = -1007*s - 9026. Give a(-8).
-970
Let d(a) = 9*a**2 + 3742*a + 64276. Calculate d(-18).
-164
Let t(s) = -6109*s + 1557778. Calculate t(255).
-17
Let l(n) = 3*n**3 + 268*n**2 + 3902*n - 225. What is l(-71)?
-12
Let n(c) = 6*c**3 - 44*c**2 + 1149*c - 7929. What is n(7)?
16
Let c(a) = 3*a**2 - 121*a + 2306. Give c(18).
1100
Let w(s) = 2*s**3 - 589*s**2 + 347*s - 15591. Calculate w(294).
-9
Let b(p) = -14*p**3 + 149*p**2 - 397*p + 27. What is b(4)?
-73
Let r(l) = -2002*l**2 - 256264*l - 1019. Calculate r(-128).
5
Let v(r) = -665*r + 13407. Determine v(20).
107
Let x(n) = n**2 + 1067*n - 31992. Give x(29).
-208
Let f(p) = p**2 + 216*p - 351. Determine f(-215).
-566
Let q(k) = -40638*k + 203001. Give q(5).
-189
Let t(x) = -x**2 - 32*x + 31. Calculate t(-39).
-242
Let a(d) = 239*d**2 - 15158*d + 21079. Give a(62).
-1
Let c(t) = -22*t**3 - 1458*t**2 - 1460*t - 4. Determine c(-1).
20
Let y(n) = n**3 + 40*n**2 + 303*n - 92. Calculate y(-30).
-182
Let t(c) = 3*c**3 + 140*c**2 - 5968*c + 31. What is t(27)?
4
Let p(b) = -15*b**2 + 975*b + 13845. Determine p(-12).
-15
Let i(t) = t**3 + 6*t**2 - 155*t + 787. Give i(6).
289
Let g(y) = -2*y**2 + 34*y + 8189. What is g(-56)?
13
Let p(n) = 2*n**3 - 254*n**2 + 3675*n + 7146. Calculate p(110).
-4
Let c(t) = 1017*t**2 + 1022*t - 2. What is c(-1)?
-7
Let d(o) = 3568*o + 5165. Give d(1).
8733
Let z(h) = -1158*h**2 + 40*h - 51. Calculate z(-1).
-1249
Let m(j) = -4*j**3 + 232*j**2 - 14*j + 346. What is m(58)?
-466
Let t(d) = -d**2 + 1440*d + 150729. Calculate t(-98).
5
Let v(j) = -2*j**2 + 243*j + 4369. Determine v(-18).
-653
Let n(o) = -36*o + 2085. Determine n(72).
-507
Let k(l) = 102165*l - 2043285. Calculate k(20).
15
Let d(r) = 370*r + 39246. Give d(-106).
26
Let f(u) = 5*u**2 + 166*u + 12. Give f(-1).
-149
Let r(j) = -3*j**3 + 26*j + 21. Calculate r(6).
-471
Let o(r) = -72607*r + 1161734. Give o(16).
22
Let g(c) = -76714*c + 460134. What is g(6)?
-150
Let a(j) = 198*j - 8734. What is a(44)?
-22
Let r(i) = -i**2 - 8089*i - 377976. Give r(-47).
-2
Let s(r) = 43*r**3 - 1034*r**2 + 54*r - 105. Determine s(24).
39
Let o(c) = -10384*c + 2512931. Give o(242).
3
Let q(d) = d**3 - 21*d**2 + 33*d + 374. Calculate q(18).
-4
Let w(l) = -5*l**2 - 751*l - 25791. Give w(-95).
429
Let x(y) = -y**3 + 19*y**2 + 30*y - 150. What is x(21)?
-402
Let s(l) = 404*l - 8022. Determine s(24).
1674
Let k(r) = r**2 - 13*r - 1839. Determine k(55).
471
Let g(x) = 11*x**2 - 73*x + 280. Calculate g(12).
988
Let i(f) = -2316*f - 90304. Give i(-39).
20
Let u(d) = 68*d**2 + 275*d - 824. Calculate u(-6).
-26
Let k(r) = r**3 + 57*r**2 - 560*r + 608. Calculate k(-66).
-1636
Let h(d) = -110*d - 4864. Calculate h(-45).
86
Let b(u) = -2*u**2 + 68363*u + 341809. Calculate b(-5).
-56
Let d(l) = 101*l**2 - 1065*l + 3194. What is d(3)?
908
Let g(f) = 1528*f + 4378. Determine g(-3).
-206
Let w(q) = -5*q**2 + 157*q + 3448. Give w(46).
90
Let z(n) = 323*n - 18746. Give z(58).
-12
Let z(d) = -19*d**2 - 73*d + 556. Give z(-8).
-76
Let a(u) = 122*u**2 + 81*u - 1450. Calculate a(4).
826
Let d(q) = 6*q**2 + 26764*q - 133801. Calculate d(5).
169
Let d(j) = j**2 + 81*j - 2511. What is d(-84)?
-2259
Let c(t) = -t**3 - 37*t**2 - 295*t + 423. Give c(-23).
-198
Let a(u) = 5*u**3 - 625*u**2 + 126*u - 15742. Determine a(125).
8
Let j(d) = 394*d - 39836. Calculate j(100).
-436
Let p(g) = 1026*g - 22601. Give p(22).
-29
Let u(r) = -7*r + 1985. Calculate u(119).
1152
Let r(z) = 2*z**3 - 508*z**2 - 3223*z + 26783. Calculate r(260).
3
Let r(l) = 4792*l - 277925. Give r(58).
11
Let j(v) = -34881*v + 488331. Give j(14).
-3
Let x(t) = 17*t**2 + 64*t - 83. Determine x(-14).
2353
Let j(h) = -18230*h - 3190272. Determine j(-175).
-22
Let c(u) = 3*u**3 + 1197*u**2 - 7217*u - 3. Give c(6).
435
Let u(g) = g**3 - 28*g**2 + 77*g + 652. What is u(21)?
-818
Let m(r) = -3*r**3 - 81*r**2 + 6*r - 29. Give m(-27).
-191
Let j(o) = 54*o + 8847. Calculate j(-168).
-225
Let l(n) = 29*n**2 + 3868*n - 24178. Calculate l(6).
74
Let i(b) = 43*b**2 + 1263*b + 59. Determine i(-28).
-1593
Let q(w) = 45*w**2 - 263*w - 995. What is q(-5)?
1445
Let j(a) = 21363*a + 5063022. Determine j(-237).
-9
Let k(h) = 369*h**2 + 501*h + 2. Determine k(-1).
-130
Let x(n) = -2721*n + 27223. Determine x(10).
13
Let m(c) = 1850*c + 135028. Give m(-73).
-22
Let r(g) = -163*g + 20922. Calculate r(123).
873
Let w(u) = 613*u + 571. Determine w(-3).
-1268
Let d(b) = -b**3 - 7*b**2 - 50*b - 1313. What is d(-13)?
351
Let f(d) = 2*d**3 + 109*d**2 - 723*d - 8. What is f(6)?
10
Let y(a) = -2*a**2 + 1468*a + 42667. Give y(-28).
-5
Let d(l) = -132380*l - 13370368. What is d(-101)?
12
Let l(t) = -t**3 + 358*t**2 + 704*t + 5590. Determine l(360).
-170
Let w(g) = 18911*g - 115650. Give w(6).
-2184
Let z(p) = p**2 - 20826*p + 457680. Give z(22).
-8
Let w(i) = i**2 + 1043*i - 16448. Calculate w(16).
496
Let k(x) = 9*x**3 - 37*x**2 - 28*x + 59. Give k(6).
503
Let v(c) = -71*c - 326. What is v(10)?
-1036
Let s(g) = -7075*g**2 - 148566*g + 191. What is s(-21)?
2
Let k(g) = -5*g**2 + 3777*g - 30079. Give k(8).
-183
Let x(a) = -5999*a + 11813. Give x(2).
-185
Let n(d) = d**2 + 134*d - 3452. Give n(-156).
-20
Let v(k) = -k**2 + 56*k - 669. Determine v(35).
66
Let v(u) = -2507722*u + 2507721. Calculate v(1).
-1
Let c(o) = -4*o**2 - 14*o + 157. Give c(-7).
59
Let r(b) = -1269*b - 39323. What is r(-31)?
16
Let i(d) = d**2 - 2404*d + 9606. What is i(4)?
6
Let r(g) = -25871*g - 51872. Determine r(-2).
-130
Let f(n) = n**3 - 139*n**2 + 1294*n - 451. What is f(129)?
65
Let o(t) = -t**2 - 160922*t + 804645. What is o(5)?
10
Let k(x) = -4153*x - 2940238. What is k(-708)?
86
Let b(c) = 247*c - 7067. Give b(40).
2813
Let j(q) = 42*q**2 + 23719*q - 53880. Calculate j(-567).
-15
Let p(v) = -18*v**2 - 348*v + 7. Calculate p(-15).
1177
Let r(a) = 1946*a + 27385. Calculate r(-14).
141
Let u(n) = 842*n - 27723. Determine u(33).
63
Let d(t) = -t**2 + 781*t + 25174. Give d(-31).
2
Let d(y) = -y**2 - 8691*y + 6301967. Determine d(673).
-5
Let i(c) = -2*c**3 - 468*c**2 - 1383*c - 423. Give i(-231).
-1116
Let g(p) = -5*p**2 + 5829*p - 1064834. Give g(939).
-8
Let r(u) = -u**3 + 2*u**2 - 211*u + 1093. Calculate r(5).
-37
Let q(z) = 9*z**2 + 5530*z - 131966. Calculate q(23).
-15
Let n(w) = -w**2 - 20006*w - 1732973. What is n(-87)?
-20
Let r(c) = -134*c - 3970. Determine r(-31).
184
Let a(p) = -2*p**2 - 165*p + 511. Determine a(3).
-2
Let m(u) = 3*u**3 + 140*u**2 - 460*u + 47. What is m(3)?
8
Let w(n) = n**3 + 409*n**2 + 3569*n - 12428. Calculate w(-400).
-28
Let n(s) = 4*s**3 + 111*s**2 - 18*s + 33. Calculate n(-28).
-247
Let y(p) = 2635*p + 234633. What is y(-89)?
118
Let w(m) = -3*m**3 - 62*m**2 - 201*m - 19. Calculate w(-10).
-1209
Let j(k) = 480*k + 97928. Calculate j(-204).
8
Let u(x) = -2122*x + 93384. Determine u(44).
16
Let o(n) = 2*n**2 - 785*n + 76999. Give o(192).
7
Let k(g) = -g**3 - 83*g**2 + 166*g - 271. Give k(-85).
69
Let t(a) = a**3 + 51*a**2 + 48*a - 4865. Give t(-48).
-257
Let y(a) = 4663*a + 121133. What is y(-26)?
-105
Let v(r) = 1621*r - 410117. What is v(253)?
-4
Let x(a) = 22076*a + 1788161. Give x(-81).
5
Let d(r) = -5*r**3 - 24*r**2 - 281*r - 1437. Determine d(-5).
-7
Let p(t) = -181*t**2 - 3945*t + 771. Give p(-22).
-43
Let n(i) = -4*i**2 + 345*i + 387. What is n(87)?
126
Let j(p) = -5*p**3 + 56*p**2 - 89*p + 307. Give j(10).
17
Let v(c) = -12808*c - 1421691. Calculate v(-111).
-3
Let x(h) = h**3 + 24*h**2 + 267*h + 970. Calculate x(-6).
16
Let g(w) = -181*w**2 - 38011*w - 199. Give g(-210).
11
Let m(n) = 886*n - 1754. Calculate m(2).
18
Let v(r) = -87*r**2 + 936*r + 3941. What is v(14)?
-7
Let u(o) = o**3 + 3*o**2 - 134*o - 11. What is u(0)?
-11
Let y(p) = 8*p**2 + 6810*p + 1366639. Determine y(-324).
7
Let d(n) = 696*n - 45950. What is d(66)?
-14
Let b(u) = 7073*u - 431457. Give b(61).
-4
Let t(k) = -k**3 + 416*k**2 - 4472*k + 53. What is t(11)?
-134
Let b(i) = i**3 + 28*i**2 - 973*i - 68. Determine b(20).
-328
Let r(t) = -t**3 + 7*t**2 + 133*t - 1030. Calculate r(8).
-30
Let x(d) = -38*d**2 - 1377*d + 893. Determine x(-37).
-180
Let i(u) = -262*u - 2518. Give i(-9).
-